 4. Let y be 136/(-64) + (-2)/(-16). Let v = -31 - 34. Let w be y/(-4) + v/10. Determine l(w).
4
Let g(z) = -1 - 3 + 2*z + 3*z. Let x be g(2). Let j(p) = p**3 - 6*p**2 + 2*p - 1. What is j(x)?
11
Let n(l) = -11*l + 1. Suppose -4*p - 1 = 27. Let f(y) = -y**2 - 6*y + 8. Let d be f(p). Determine n(d).
-10
Let p(v) = v**2 + 6*v - 3. Let x be -2*1/(-2)*-33. Let s = x + 28. Give p(s).
-8
Let v be (-198)/(-42) + 4/14. Suppose -j = -0*j - 11. Let l(z) = -6 - 4 + j - 3*z + 2. Calculate l(v).
-12
Let f(k) = 3*k + 1. Let y = 27 + -30. Let h(b) = -b**2 + 4*b + 2. Let s(i) = y*f(i) + 2*h(i). Let n(r) = -r**3 - 7*r**2 + r + 5. Let t be n(-7). Determine s(t).
-5
Let w be (3*8/64)/45. Let p(l) be the third derivative of -1/24*l**4 - 5/6*l**3 + 0*l - w*l**6 + 8*l**2 + 0 + 1/60*l**5. Calculate p(0).
-5
Let r(x) = 10*x**2 + x - 1. Let w = 171 - 107. Suppose -4*v - 56 = w. Let c be 10/v - 8/(-6). What is r(c)?
10
Let v(r) = -4*r**2 + 3*r + 6. Let u(i) = -11*i**2 + 9*i + 18. Let c(o) = -3*u(o) + 8*v(o). Let t = -33 + -16. Let y = t - -55. What is c(y)?
12
Let d(r) be the second derivative of r**3/6 + r**2 + 20*r. Let q be (5 + -5)*(-1)/2. Suppose q = -2*w - 4 - 6. Give d(w).
-3
Suppose 5*q = -5*f + q + 26, q = 2*f. Suppose -f*c - 2*m = -m, 3*m = 5*c - 11. Let w(a) = 5*a. Determine w(c).
5
Let v be 14/(-91) + (-855)/(-65). Let l(o) = o**3 - 14*o**2 + 17*o - 4. Determine l(v).
48
Let u(c) = -c**2 - 9*c - 7. Suppose 24*n + 5*n + 261 = 0. Give u(n).
-7
Let f(a) = -a**3 + a - 4. Let s = 626 - 626. Determine f(s).
-4
Let l(d) = -3*d**2 + d. Let z(y) = 8*y**2 - 8*y + 13. Let k(v) = 3*l(v) + z(v). Give k(-6).
7
Let h(d) = 5*d**2 + 7*d - 7. Let g = 263 - 262. Give h(g).
5
Let q(m) = -226 + 221 - 2*m - m. Give q(-5).
10
Let f(h) = h + 5. Suppose z - 18 = 2*o - 2*z, 2*o + 10 = z. What is f(o)?
2
Let d = -43 + 24. Let t = d + 13. Let n(k) be the second derivative of k**3/3 + 4*k**2 + 2*k. Give n(t).
-4
Suppose -3*j = -2*j + 4. Let u(t) = t + 6. Let b(v) = -9*v - 31. Let i be b(-4). Let c(x) = x + 7. Let a(s) = i*c(s) + j*u(s). What is a(-6)?
5
Let l = -3 + -2. Let n(x) = 11*x + 11. Let u(p) = -9*p - 8. Let m(k) = 5*n(k) + 6*u(k). Give m(l).
2
Let b(f) = 2*f**2 + 6*f + 4. Let u = 27 - 75. Let o be ((-3)/2)/((-18)/u). What is b(o)?
12
Let q(z) be the first derivative of z**4/4 + 4*z**3/3 - 5*z**2/2 - 5*z + 470. Calculate q(-5).
-5
Let j(z) be the second derivative of 0*z**3 - 15*z + 0 - z**2 - 1/20*z**5 + 1/3*z**4. What is j(3)?
7
Let q(g) be the third derivative of -13*g**6/60 - g**5/30 + g**4/24 - 11*g**2 - 5*g. What is q(1)?
-27
Let d(n) = -n**3 - 2*n + 18. Let s(a) = 3*a - 6. Let c be s(2). Let q be d(c). Suppose 0 = 11*j - 14*j + q. Let x(m) = m**3 - 6*m**2 + 2*m - 2. What is x(j)?
10
Let l(n) = n**2 + 14*n - 30. Let h = -1854 - -1838. What is l(h)?
2
Let u(b) = 2*b - 9. Let w(m) = m - 8. Let f(x) = -2*u(x) + 3*w(x). Let t(r) = -141*r + 2390. Let y be t(17). Calculate f(y).
1
Let z(u) = -u**2 + u + 1. Let t(n) = 6*n**2 - 6*n - 5. Let m(f) = -2*t(f) - 11*z(f). Calculate m(0).
-1
Let y(f) = -15*f**2 + 5*f - 29. Let l(p) = 1 - 7*p**2 + 3*p + 1 - 16. Let b(z) = 13*l(z) - 6*y(z). Calculate b(6).
10
Let d(p) = 2*p**3 + 2*p**2 + p + 2. Suppose 0 = -3*h + 9, 4*b + h + 5 = 8. Determine d(b).
2
Let u be (21/(-9))/(12/18 + -1). Let h(b) = -2*b**2 + 11*b - 6. Give h(u).
-27
Let k(h) = 6*h. Suppose -6*r + 3*r - 21 = 0. Let d be (9/r)/(-1) - (-54)/(-189). Determine k(d).
6
Let f(n) = -n**3 - 2*n**2 - 4*n. Suppose -8 = 4*i - 2*k + 2, -4*i - k = 13. Give f(i).
21
Let d(g) = g**3 + 4*g**2 - 2*g - 3. Let o(b) = 5*b - 20. Let y be o(5). Suppose y = f + 7. Give d(f).
9
Suppose 5*q - 35 = 5*k, -2*k = 5*q - 64 + 71. Let f(o) be the second derivative of 11*o**4/12 - o**3/6 + o**2/2 + o. What is f(q)?
11
Let s(c) = c + 4. Let q(j) = 3. Let i(l) = -4*q(l) + 3*s(l). Suppose -4*t + 15 = -5*g, 0*g - 12 = -4*t + 4*g. Suppose t = 34*v - 32*v - 6. Determine i(v).
9
Let r(a) = -6*a**2 + 6*a + 5. Let j(s) = -5*s**2 + 6*s + 4. Let p be 2/13 - 108/26. Let w(t) = p*r(t) + 5*j(t). Give w(6).
0
Let b(c) be the first derivative of -c**3/3 + 7*c**2/2 + 24*c - 311. Determine b(10).
-6
Let z(v) be the first derivative of v**2/2 - 11*v + 8. Let c(j) = -j + 1. Let n be c(-7). What is z(n)?
-3
Let d(p) = 3*p**3 + 2*p**2 + 4*p - 13. Let w(a) = 5*a**3 + 7*a - 26. Let k(i) = -7*d(i) + 4*w(i). Give k(-14).
-13
Suppose 13*d = 11*d + 36. Suppose 4*f - 6 = d. Let r be ((-2)/4 - 0)*f. Let w(h) = h**3 + 3*h**2 - h + 1. Calculate w(r).
4
Suppose -4*r + 2*q - 36 = 0, -3*q + 41 - 7 = -4*r. Let s = 7 + r. Let f(z) be the second derivative of -z**4/12 - 2*z**3/3 + z**2/2 + z. Determine f(s).
4
Let j be (-2)/(-4) + 65/(-10). Let f be (33/(-22))/(2*2/(-8)). Let i(d) = -17*d + 10*d + f + 8*d + 5. What is i(j)?
2
Let v(o) = 3*o + 1. Let z(b) = -4*b - 97. Let f be z(-24). What is v(f)?
-2
Let x be (-1 + -4 - -4)*-14. Suppose -4*n + 76 - 8 = 0. Let w = n - x. Let z(b) = b**3 - 2*b**2 - b - 3. What is z(w)?
3
Let l(t) = 19 - 2*t - 2*t**3 + 16*t**2 + 4*t**3 - 31. Let g be l(-8). Let a(r) = -r**3 + 4*r**2 - 5. Determine a(g).
-5
Let u(z) = z - 7. Suppose -3 = -i, -i - 15 + 30 = 2*m. Determine u(m).
-1
Let z be (0 - -3) + 2 + 0. Let c(l) = 41 + l - 118 + 34 + 37. Determine c(z).
-1
Let n(r) = -9*r**2 - 7*r + 7. Let v(b) = 2*b**2 + b - 1. Let k(u) = n(u) + 3*v(u). What is k(3)?
-35
Let y be 1*0/(5 - 3). Let k(o) = o - 1. What is k(y)?
-1
Suppose -j + r = -12, 90*j + 4*r - 18 = 88*j. Let q(g) = g**3 - 12*g**2 + 8*g - 4. Give q(j).
-37
Let f(h) = h**2 - 15*h + 8. Let y be f(14). Let u(r) = 2*r**3 + 5*r**2 - r - 7. Let g(a) = 3*a**3 + 6*a**2 - a - 8. Let t(z) = y*g(z) + 7*u(z). What is t(-1)?
3
Let u(d) = -d**2 - 3*d + 1. Let x(k) = 2*k**2 + 21*k - 13. Let w(r) = 3*u(r) + x(r). Give w(9).
17
Let d be (5 - -1)/((-5)/10*2). Let h be 32/d*(-6)/(-4). Let w(m) = -2*m - 7. What is w(h)?
9
Let d(p) = -2*p**3 + 4*p**2 + 2*p - 2. Let k = -88 + 45. Let x = 41 + k. Give d(x).
26
Let m(y) be the second derivative of y**7/1260 + y**6/120 + y**5/30 - 5*y**4/12 - 21*y. Let t(k) be the third derivative of m(k). Determine t(-4).
12
Suppose -2 = -3*r + 4. Let m(p) = -6*p + 9. Let n(h) = -5*h + 5. Let z(j) = 1. Let k(l) = n(l) + 3*z(l). Let a(t) = 5*k(t) - 4*m(t). What is a(r)?
2
Let l(h) = 103*h - 3. Let b(u) = 13*u. Let m(d) = -24*b(d) + 3*l(d). Determine m(-4).
3
Let d(j) = j**2 - 7*j + 6. Let r = -29 - -34. Suppose -r*y + 4 + 11 = 0. Let o = 7 - y. Give d(o).
-6
Let c(v) = -3*v**3 + v**2 - 1. Let t = 6 + -5. Let g be c(t). Let o(i) = -i**3 - 3*i**2 - 2*i - 3. Determine o(g).
3
Suppose 133*s = 130*s, -3*b + 2*s = -21. Let o(v) = 2*v**3 + 5*v + 6 - 3*v**3 - 7*v + 7*v**2. Give o(b).
-8
Let s(t) = -8*t**2 - 14 - 101*t**3 + 2*t**2 + 20 + 100*t**3 + 9*t. Give s(-7).
-8
Let a(h) = -10*h + 0*h**2 + 6393*h**3 + 8 - 6392*h**3 + 10*h**2. Give a(-11).
-3
Let n(d) = -d**2 + d - 2. Let b(o) = -3*o**2 + 4*o - 13. Let v(a) = b(a) - 6*n(a). Determine v(2).
7
Let y(l) be the third derivative of -7*l**4/24 + 13*l**3/6 + 75*l**2. What is y(6)?
-29
Let s(k) = 2*k**2 - 2*k + 1. Suppose -5*y + 3 + 7 = 0. Let c be s(y). Let x(n) = n**2 - 3*n - 5. What is x(c)?
5
Suppose -d - 3 = 1, 3*d - 18 = 2*z. Let g(p) = -p - 19. Calculate g(z).
-4
Suppose 5*t + d + 41 = 0, 5*t - 2*t + 25 = -d. Let c be (-3)/6 - (-36)/t. Let h(s) = -s**2 - 6*s + 3. What is h(c)?
8
Let z(p) = -2*p - 23. Let x(g) = g**3 - 3*g + 2. Let m be x(-3). Calculate z(m).
9
Let q(o) = o**2 - 6705*o - o**3 - 6697*o + 13403*o. Suppose -2*l - l = 3. Determine q(l).
1
Let t(c) = 3*c - 12. Let s be t(5). Suppose 0*g - g + 25 = 4*h, s*g = 3*h. Let m(u) = -u + 9. What is m(g)?
4
Let a(z) be the second derivative of -7/20*z**5 + 0*z**3 + 1/2*z**2 - 1/6*z**4 + 0 + 4*z. Suppose 0*p + 3*p - 3 = 0. Calculate a(p).
-8
Let y(g) = -g**2 + 1. Let q(i) = -7*i**3 + 2*i**2 + i - 3. Let b be q(-1). Determine y(b).
-24
Suppose 12 = -4*r - 5*z, -r = 4*r - 4*z - 26. Suppose -10 = -7*m + r*m. Let f(l) = 10*l - l**m - 2*l - 3*l. What is f(5)?
0
Let t(h) = -3*h**2 + h**2 + 0*h**2 - 10*h + 930 + 3*h**2 - 935. Calculate t(10).
-5
Let n(k) = -6*k**2 + 1. Let a be (2 + (-1)/2)*2. Let d = 8 - a. Let f(w) = -w**3 + 4*w**2 + 5*w - 1. Let h be f(d). What is n(h)?
-5
Let h(t) be the first derivative of 5*t**4/12 - t**2/2 - 10*t + 20. Let o(m) be the fir